
In base 10, what is -17233 - -7?
-17226
In base 6, what is -100153 + 1254?
-54455
In base 5, what is 43040 + -10304?
32231
In base 10, what is -46 + 867?
821
In base 3, what is 1 - 2101212200200?
-2101212200122
In base 9, what is -2 - 76211?
-76213
In base 12, what is -2 + ba527?
ba525
In base 8, what is -50143 - -5?
-50136
In base 6, what is -23542502 - 0?
-23542502
In base 3, what is 12 + 1010121021020?
1010121021102
In base 14, what is 4 + -94b7d?
-94b79
In base 11, what is 3 + 1195?
1198
In base 11, what is -3 + 327?
324
In base 14, what is 1a69 + 9?
1a74
In base 15, what is 23e - c8?
166
In base 3, what is 1101122 - 1202?
1022220
In base 14, what is 8 - 60c9d?
-60c95
In base 12, what is -2b362a + -3?
-2b3631
In base 8, what is -2377 + 1605?
-572
In base 6, what is -10 + -1242252?
-1242302
In base 12, what is 509 - 6?
503
In base 6, what is -21 + 255135?
255114
In base 14, what is c5a3 + -3c?
c565
In base 14, what is -1a88 + 4bd?
-15a9
In base 11, what is 53 - 37?
17
In base 6, what is 12303 - -2?
12305
In base 8, what is 1356 + 1532?
3110
In base 14, what is 717d10 - -4?
717d14
In base 5, what is -212200211 - -2?
-212200204
In base 15, what is 2 + -1336e?
-1336c
In base 11, what is -55825 - -2?
-55823
In base 2, what is 1011001000011 + 111?
1011001001010
In base 3, what is 0 - 1002111002?
-1002111002
In base 16, what is -1 + 73652?
73651
In base 4, what is 1031231 - -1101?
1032332
In base 15, what is 13 - 6c94?
-6c81
In base 10, what is 19436 - 19?
19417
In base 12, what is -2434 - -517?
-1b19
In base 8, what is -14341 + 13?
-14326
In base 15, what is -19 - -2064?
204a
In base 8, what is -3 + -52666?
-52671
In base 4, what is -31330222 - 0?
-31330222
In base 11, what is -11a40 + 1a?
-11a21
In base 15, what is -4 + 1c351?
1c34c
In base 12, what is -37a03 + -13?
-37a16
In base 5, what is -1420034 + 1?
-1420033
In base 3, what is 10 + 11200000010?
11200000020
In base 14, what is 146 + -134?
12
In base 10, what is -1 + -2969?
-2970
In base 14, what is 6aba0 - 7?
6ab97
In base 15, what is 50 - -44?
94
In base 7, what is 5 - -101453?
101461
In base 15, what is de3 + 3?
de6
In base 6, what is -45133 + -1?
-45134
In base 3, what is -1112 - -10101010?
10022121
In base 2, what is 10001001110 + 10111?
10001100101
In base 16, what is -68 - -bcb?
b63
In base 5, what is -24 - 103040?
-103114
In base 7, what is 2 + -14633314?
-14633312
In base 5, what is -13 + -1310342?
-1310410
In base 4, what is -22022 - -12?
-22010
In base 3, what is -1201 - 2221022?
-10000000
In base 4, what is -2213221032 - -3?
-2213221023
In base 7, what is -3502 + 4?
-3465
In base 10, what is 9 + -21449?
-21440
In base 6, what is -343041 + 312?
-342325
In base 5, what is 133422 + -1402?
132020
In base 14, what is 2d646 + 0?
2d646
In base 12, what is 818 + 827?
1443
In base 9, what is 163867 - 0?
163867
In base 13, what is -80a4 + -52?
-8126
In base 11, what is 375 - -179?
543
In base 4, what is 31121330 + -11?
31121313
In base 5, what is -3 + -1123433?
-1123441
In base 15, what is -5 - -28c0?
28ba
In base 9, what is 1 - -24835?
24836
In base 6, what is -224 + 301?
33
In base 8, what is -363 - -263?
-100
In base 8, what is 14 - -500255?
500271
In base 9, what is -24 + 1150?
1125
In base 5, what is -144323 + 421?
-143402
In base 11, what is 22 + -2656?
-2634
In base 10, what is -18630 + 1?
-18629
In base 11, what is -17 - -1631?
1615
In base 14, what is 1aa - -18?
1c4
In base 11, what is -13a + -1064?
-11a3
In base 8, what is -123064 + 4?
-123060
In base 4, what is -2 + -201300120?
-201300122
In base 7, what is -5 + 362412?
362404
In base 10, what is 377 + -5?
372
In base 12, what is -5 + 10b51?
10b48
In base 11, what is -23 + 12104?
12091
In base 13, what is 7 - -6101?
6108
In base 4, what is 212 + 11130232?
11131110
In base 16, what is -6fa - 90?
-78a
In base 10, what is -398027 - 3?
-398030
In base 4, what is 231302 - -22?
231330
In base 10, what is -2 + 23199?
23197
In base 12, what is -365b69 - 5?
-365b72
In base 3, what is -1111001 + -120?
-1111121
In base 3, what is -1 - 201111101?
-201111102
In base 4, what is 1300233 - 10?
1300223
In base 5, what is 20024 + 3?
20032
In base 5, what is 3130224 - -13?
3130242
In base 6, what is -3045055 + 1?
-3045054
In base 3, what is 222 + -21010122?
-21002200
In base 16, what is 95f + 93?
9f2
In base 7, what is 2 + -5460311?
-5460306
In base 9, what is -87 + -3218?
-3316
In base 10, what is 37 + -1948?
-1911
In base 6, what is 5411 + -350?
5021
In base 2, what is 10 + 1010101111010?
1010101111100
In base 5, what is -22014 + 313?
-21201
In base 2, what is 100011010110111000010 + -1?
100011010110111000001
In base 16, what is 3 + 158da?
158dd
In base 11, what is 1a963 + 8?
1a970
In base 2, what is 1110101110100001 + 101?
1110101110100110
In base 13, what is 12 - -5794?
57a6
In base 5, what is 3 - 402442?
-402434
In base 4, what is 20 - 2021001?
-2020321
In base 4, what is -10 + -230211?
-230221
In base 12, what is -35 + 2789?
2754
In base 15, what is -4 + -15a08?
-15a0c
In base 6, what is 3 + -1054335?
-1054332
In base 10, what is 24298 - 0?
24298
In base 3, what is -211 - -11200010?
11122022
In base 12, what is -5 + 51b01?
51ab8
In base 4, what is 2 + -332112221?
-332112213
In base 12, what is 37213 + -5?
3720a
In base 6, what is -31310 - -3?
-31303
In base 5, what is 303113 - 13?
303100
In base 12, what is 12b7 + 10?
1307
In base 9, what is 305116 - 3?
305113
In base 13, what is bc4382 - -1?
bc4383
In base 3, what is 11 + 101200002212?
101200010000
In base 3, what is 12000222 - -12?
12001011
In base 13, what is 0 - 35693?
-35693
In base 10, what is -403 + -1961?
-2364
In base 10, what is -4262 - 107?
-4369
In base 6, what is -124202 - -154?
-124004
In base 4, what is 1 - -3233033?
3233100
In base 12, what is -3a5 + 716?
331
In base 16, what is b0083a - 1?
b00839
In base 6, what is -5 + -501231?
-501240
In base 9, what is 3 - -35000?
35003
In base 10, what is -3 - -494504?
494501
In base 14, what is 3 - -255da5?
255da8
In base 14, what is 1 + 244c2?
244c3
In base 7, what is -23550 + -3?
-23553
In base 11, what is 1 + -29829?
-29828
In base 4, what is -22110 + -11032?
-33202
In base 6, what is -5235 + 123?
-5112
In base 8, what is -35667 + -7?
-35676
In base 7, what is 326 - -2453?
3112
In base 15, what is 294e - 3?
294b
In base 9, what is -7 + -70442?
-70450
In base 12, what is -54936 - 0?
-54936
In base 8, what is 2 + -1075233?
-1075231
In base 12, what is 5 - -15b3a2?
15b3a7
In base 14, what is -c40 - -3?
-c3b
In base 11, what is 73488 + 5?
73492
In base 14, what is 8284c - -1?
8284d
In base 7, what is -13 + 3465?
3452
In base 4, what is 11020200 + 10?
11020210
In base 9, what is 2 + -61603?
-61601
In base 16, what is d0 + 5e?
12e
In base 2, what is -100 - -110?
10
In base 5, what is 4122240 + -1?
4122234
In base 5, what is 14203124 - 2?
14203122
In base 11, what is -39 - -27183?
27145
In base 5, what is -1044 + -112?
-1211
In base 16, what is -a9 + 1?
-a8
In base 12, what is 793 + -92?
701
In base 6, what is 130210 - 5?
130201
In base 9, what is 2 - -40280?
40282
In base 14, what is c5781 - 4?
c577b
In base 8, what is 2 + -32476?
-32474
In base 9, what is -7 - 185634?
-185642
In base 15, what is 3 + -241c2?
-241be
In base 14, what is -1a8bb - -1?
-1a8ba
In base 5, what is 21424 + -4103?
12321
In base 2, what is -111010 + -11011110?
-100011000
In base 12, what is -3046 - 8?
-3052
In base 3, what is 22100 - 0?
22100
In base 14, what is -3 + 83650?
8364b
In base 6, what is 2353320 + 3?
2353323
In base 7, what is 25302 - -236?
25541
In base 10, what is 1511 + -1638?
-127
In base 10, what is 37574 + 4?
37578
In base 6, what is -13 - 4154000?
-4154013
In base 2, what is 101111010 + 1110?
110001000
In base 11, what is -191 + -18?
-1a9
In base 14, what is 3 - -10dd?
1102
In base 11, what is -5 + -19679?
-19683
In base 6, what is 14 + 222034?
222052
In base 3, what is 1112110 - -20111?
1202221
In base 15, what is -9 - 4db?
-4e5
In base 12, what is -1ab + 60?
-14b
In base 13, what is -2 + -63bb?
-63c0
In base 4, what is 102 - -1300?
2002
In base 11, what is 172 + 958?
101a
In base 10, what is 116 + 1779?
1895
In base 9, what is 2428 - -33?
2462
In base 9, what is 5758 - 8?
5750
In base 14, what is 6 + 2c406?
2c40c
In base 4, what is 210 - -1